{"id":76,"date":"2025-10-06T18:34:36","date_gmt":"2025-10-06T18:34:36","guid":{"rendered":"https:\/\/mebllegro.pl\/content\/?page_id=76"},"modified":"2025-10-15T09:38:52","modified_gmt":"2025-10-15T09:38:52","slug":"strona-glowna","status":"publish","type":"page","link":"https:\/\/mebllegro.pl\/content\/","title":{"rendered":"Strona g\u0142\u00f3wna"},"content":{"rendered":"\t\t<div data-elementor-type=\"wp-page\" data-elementor-id=\"76\" class=\"elementor elementor-76\" data-elementor-post-type=\"page\">\n\t\t\t\t<div class=\"elementor-element elementor-element-f60b17c e-flex e-con-boxed e-con e-parent\" data-id=\"f60b17c\" data-element_type=\"container\" data-settings=\"{&quot;background_background&quot;:&quot;classic&quot;}\">\n\t\t\t\t\t<div class=\"e-con-inner\">\n\t\t\t\t\t<\/div>\n\t\t\t\t<\/div>\n\t\t<div class=\"elementor-element elementor-element-fba25c0 e-flex e-con-boxed e-con e-parent\" data-id=\"fba25c0\" data-element_type=\"container\">\n\t\t\t\t\t<div class=\"e-con-inner\">\n\t\t<div class=\"elementor-element elementor-element-d1a5fc6 e-con-full e-flex e-con e-child\" data-id=\"d1a5fc6\" data-element_type=\"container\" data-settings=\"{&quot;background_background&quot;:&quot;classic&quot;}\">\n\t\t\t\t<div class=\"elementor-element elementor-element-d04dd99 elementor-widget elementor-widget-text-editor\" data-id=\"d04dd99\" data-element_type=\"widget\" data-widget_type=\"text-editor.default\">\n\t\t\t\t\t\t\t\t\t<p><a href=\"https:\/\/mebllegro.pl\/\">Strona g\u0142\u00f3wna |<\/a> Content<\/p>\t\t\t\t\t\t\t\t<\/div>\n\t\t\t\t<\/div>\n\t\t\t\t<div class=\"elementor-element elementor-element-a5d15bc elementor-widget elementor-widget-heading\" data-id=\"a5d15bc\" data-element_type=\"widget\" data-widget_type=\"heading.default\">\n\t\t\t\t\t<h2 class=\"elementor-heading-title elementor-size-default\">Content<\/h2>\t\t\t\t<\/div>\n\t\t\t\t\t<\/div>\n\t\t\t\t<\/div>\n\t\t<div class=\"elementor-element elementor-element-cbf2bdc e-flex e-con-boxed e-con e-parent\" data-id=\"cbf2bdc\" data-element_type=\"container\">\n\t\t\t\t\t<div class=\"e-con-inner\">\n\t\t\t\t<div class=\"elementor-element elementor-element-6b23bf5 elementor-grid-3 elementor-grid-tablet-2 elementor-grid-mobile-1 elementor-posts--thumbnail-top elementor-posts__hover-gradient elementor-widget elementor-widget-posts\" data-id=\"6b23bf5\" data-element_type=\"widget\" data-settings=\"{&quot;pagination_type&quot;:&quot;numbers_and_prev_next&quot;,&quot;cards_columns&quot;:&quot;3&quot;,&quot;cards_columns_tablet&quot;:&quot;2&quot;,&quot;cards_columns_mobile&quot;:&quot;1&quot;,&quot;cards_row_gap&quot;:{&quot;unit&quot;:&quot;px&quot;,&quot;size&quot;:35,&quot;sizes&quot;:[]},&quot;cards_row_gap_tablet&quot;:{&quot;unit&quot;:&quot;px&quot;,&quot;size&quot;:&quot;&quot;,&quot;sizes&quot;:[]},&quot;cards_row_gap_mobile&quot;:{&quot;unit&quot;:&quot;px&quot;,&quot;size&quot;:&quot;&quot;,&quot;sizes&quot;:[]}}\" data-widget_type=\"posts.cards\">\n\t\t\t\t<div class=\"elementor-widget-container\">\n\t\t\t\t\t\t\t<div class=\"elementor-posts-container elementor-posts elementor-posts--skin-cards elementor-grid\" role=\"list\">\n\t\t\t\t<article class=\"elementor-post elementor-grid-item post-481 post type-post status-publish format-standard has-post-thumbnail hentry category-mebllegro\" role=\"listitem\">\n\t\t\t<div class=\"elementor-post__card\">\n\t\t\t\t<a class=\"elementor-post__thumbnail__link\" href=\"https:\/\/mebllegro.pl\/content\/stol-okragly-120-ile-osob\/\" tabindex=\"-1\"><div class=\"elementor-post__thumbnail\"><img fetchpriority=\"high\" decoding=\"async\" width=\"768\" height=\"429\" src=\"https:\/\/mebllegro.pl\/content\/wp-content\/uploads\/2026\/04\/Gemini_Generated_Image_644v3l644v3l644v-768x429.png\" class=\"attachment-medium_large size-medium_large wp-image-482\" alt=\"st\u00f3\u0142 okr\u0105g\u0142y 120 ile os\u00f3b\" srcset=\"https:\/\/mebllegro.pl\/content\/wp-content\/uploads\/2026\/04\/Gemini_Generated_Image_644v3l644v3l644v-768x429.png 768w, https:\/\/mebllegro.pl\/content\/wp-content\/uploads\/2026\/04\/Gemini_Generated_Image_644v3l644v3l644v-300x167.png 300w, https:\/\/mebllegro.pl\/content\/wp-content\/uploads\/2026\/04\/Gemini_Generated_Image_644v3l644v3l644v-1024x572.png 1024w, https:\/\/mebllegro.pl\/content\/wp-content\/uploads\/2026\/04\/Gemini_Generated_Image_644v3l644v3l644v.png 1376w\" sizes=\"(max-width: 768px) 100vw, 768px\" \/><\/div><\/a>\n\t\t\t\t<div class=\"elementor-post__badge\">mebllegro<\/div>\n\t\t\t\t<div class=\"elementor-post__text\">\n\t\t\t\t<h2 class=\"elementor-post__title\">\n\t\t\t<a href=\"https:\/\/mebllegro.pl\/content\/stol-okragly-120-ile-osob\/\">\n\t\t\t\tSt\u00f3\u0142 okr\u0105g\u0142y 120 ile os\u00f3b \u2013 praktyczne zastosowanie\t\t\t<\/a>\n\t\t<\/h2>\n\t\t\t\t<div class=\"elementor-post__excerpt\">\n\t\t\t<p>Wyb\u00f3r sto\u0142u do jadalni nie powinien by\u0107 przypadkowy. Jednym z najcz\u0119stszych pyta\u0144 jest st\u00f3\u0142 okr\u0105g\u0142y<\/p>\n\t\t<\/div>\n\t\t\n\t\t<a class=\"elementor-post__read-more\" href=\"https:\/\/mebllegro.pl\/content\/stol-okragly-120-ile-osob\/\" aria-label=\"Read more about St\u00f3\u0142 okr\u0105g\u0142y 120 ile os\u00f3b \u2013 praktyczne zastosowanie\" tabindex=\"-1\">\n\t\t\tCzytaj wi\u0119cej\t\t<\/a>\n\n\t\t\t\t<\/div>\n\t\t\t\t<div class=\"elementor-post__meta-data\">\n\t\t\t\t\t<span class=\"elementor-post-date\">\n\t\t\t16 kwietnia, 2026\t\t<\/span>\n\t\t\t\t<\/div>\n\t\t\t\t\t<\/div>\n\t\t<\/article>\n\t\t\t\t<article class=\"elementor-post elementor-grid-item post-478 post type-post status-publish format-standard has-post-thumbnail hentry category-mebllegro\" role=\"listitem\">\n\t\t\t<div class=\"elementor-post__card\">\n\t\t\t\t<a class=\"elementor-post__thumbnail__link\" href=\"https:\/\/mebllegro.pl\/content\/stol-100x60-dla-kogo\/\" tabindex=\"-1\"><div class=\"elementor-post__thumbnail\"><img decoding=\"async\" width=\"768\" height=\"429\" src=\"https:\/\/mebllegro.pl\/content\/wp-content\/uploads\/2026\/04\/Gemini_Generated_Image_ybot03ybot03ybot-768x429.png\" class=\"attachment-medium_large size-medium_large wp-image-479\" alt=\"st\u00f3\u0142 100x60\" srcset=\"https:\/\/mebllegro.pl\/content\/wp-content\/uploads\/2026\/04\/Gemini_Generated_Image_ybot03ybot03ybot-768x429.png 768w, https:\/\/mebllegro.pl\/content\/wp-content\/uploads\/2026\/04\/Gemini_Generated_Image_ybot03ybot03ybot-300x167.png 300w, https:\/\/mebllegro.pl\/content\/wp-content\/uploads\/2026\/04\/Gemini_Generated_Image_ybot03ybot03ybot-1024x572.png 1024w, https:\/\/mebllegro.pl\/content\/wp-content\/uploads\/2026\/04\/Gemini_Generated_Image_ybot03ybot03ybot.png 1376w\" sizes=\"(max-width: 768px) 100vw, 768px\" \/><\/div><\/a>\n\t\t\t\t<div class=\"elementor-post__badge\">mebllegro<\/div>\n\t\t\t\t<div class=\"elementor-post__text\">\n\t\t\t\t<h2 class=\"elementor-post__title\">\n\t\t\t<a href=\"https:\/\/mebllegro.pl\/content\/stol-100x60-dla-kogo\/\">\n\t\t\t\tSt\u00f3\u0142 100&#215;60 \u2013 dla kogo to dobry wyb\u00f3r\t\t\t<\/a>\n\t\t<\/h2>\n\t\t\t\t<div class=\"elementor-post__excerpt\">\n\t\t\t<p>St\u00f3\u0142 100&#215;60 to rozwi\u0105zanie, kt\u00f3re coraz cz\u0119\u015bciej pojawia si\u0119 w nowoczesnych mieszkaniach. Jego kompaktowy rozmiar<\/p>\n\t\t<\/div>\n\t\t\n\t\t<a class=\"elementor-post__read-more\" href=\"https:\/\/mebllegro.pl\/content\/stol-100x60-dla-kogo\/\" aria-label=\"Read more about St\u00f3\u0142 100&#215;60 \u2013 dla kogo to dobry wyb\u00f3r\" tabindex=\"-1\">\n\t\t\tCzytaj wi\u0119cej\t\t<\/a>\n\n\t\t\t\t<\/div>\n\t\t\t\t<div class=\"elementor-post__meta-data\">\n\t\t\t\t\t<span class=\"elementor-post-date\">\n\t\t\t14 kwietnia, 2026\t\t<\/span>\n\t\t\t\t<\/div>\n\t\t\t\t\t<\/div>\n\t\t<\/article>\n\t\t\t\t<article class=\"elementor-post elementor-grid-item post-474 post type-post status-publish format-standard has-post-thumbnail hentry category-mebllegro\" role=\"listitem\">\n\t\t\t<div class=\"elementor-post__card\">\n\t\t\t\t<a class=\"elementor-post__thumbnail__link\" href=\"https:\/\/mebllegro.pl\/content\/jaki-stol-do-malej-kuchni\/\" tabindex=\"-1\"><div class=\"elementor-post__thumbnail\"><img decoding=\"async\" width=\"768\" height=\"429\" src=\"https:\/\/mebllegro.pl\/content\/wp-content\/uploads\/2026\/04\/Gemini_Generated_Image_pvex12pvex12pvex-768x429.png\" class=\"attachment-medium_large size-medium_large wp-image-475\" alt=\"jaki st\u00f3\u0142 do ma\u0142ej kuchni\" srcset=\"https:\/\/mebllegro.pl\/content\/wp-content\/uploads\/2026\/04\/Gemini_Generated_Image_pvex12pvex12pvex-768x429.png 768w, https:\/\/mebllegro.pl\/content\/wp-content\/uploads\/2026\/04\/Gemini_Generated_Image_pvex12pvex12pvex-300x167.png 300w, https:\/\/mebllegro.pl\/content\/wp-content\/uploads\/2026\/04\/Gemini_Generated_Image_pvex12pvex12pvex-1024x572.png 1024w, https:\/\/mebllegro.pl\/content\/wp-content\/uploads\/2026\/04\/Gemini_Generated_Image_pvex12pvex12pvex.png 1376w\" sizes=\"(max-width: 768px) 100vw, 768px\" \/><\/div><\/a>\n\t\t\t\t<div class=\"elementor-post__badge\">mebllegro<\/div>\n\t\t\t\t<div class=\"elementor-post__text\">\n\t\t\t\t<h2 class=\"elementor-post__title\">\n\t\t\t<a href=\"https:\/\/mebllegro.pl\/content\/jaki-stol-do-malej-kuchni\/\">\n\t\t\t\tJaki st\u00f3\u0142 do ma\u0142ej kuchni \u2013 praktyczny poradnik do ma\u0142ych przestrzeni\t\t\t<\/a>\n\t\t<\/h2>\n\t\t\t\t<div class=\"elementor-post__excerpt\">\n\t\t\t<p>Wyb\u00f3r sto\u0142u do niewielkiej przestrzeni mo\u017ce wydawa\u0107 si\u0119 trudny. Jaki st\u00f3\u0142 do ma\u0142ej kuchni sprawdzi<\/p>\n\t\t<\/div>\n\t\t\n\t\t<a class=\"elementor-post__read-more\" href=\"https:\/\/mebllegro.pl\/content\/jaki-stol-do-malej-kuchni\/\" aria-label=\"Read more about Jaki st\u00f3\u0142 do ma\u0142ej kuchni \u2013 praktyczny poradnik do ma\u0142ych przestrzeni\" tabindex=\"-1\">\n\t\t\tCzytaj wi\u0119cej\t\t<\/a>\n\n\t\t\t\t<\/div>\n\t\t\t\t<div class=\"elementor-post__meta-data\">\n\t\t\t\t\t<span class=\"elementor-post-date\">\n\t\t\t9 kwietnia, 2026\t\t<\/span>\n\t\t\t\t<\/div>\n\t\t\t\t\t<\/div>\n\t\t<\/article>\n\t\t\t\t<article class=\"elementor-post elementor-grid-item post-471 post type-post status-publish format-standard has-post-thumbnail hentry category-mebllegro\" role=\"listitem\">\n\t\t\t<div class=\"elementor-post__card\">\n\t\t\t\t<a class=\"elementor-post__thumbnail__link\" href=\"https:\/\/mebllegro.pl\/content\/maly-stol-do-kawalerki-jak-wybrac\/\" tabindex=\"-1\"><div class=\"elementor-post__thumbnail\"><img loading=\"lazy\" decoding=\"async\" width=\"768\" height=\"429\" src=\"https:\/\/mebllegro.pl\/content\/wp-content\/uploads\/2026\/04\/Gemini_Generated_Image_oy4kc0oy4kc0oy4k-768x429.png\" class=\"attachment-medium_large size-medium_large wp-image-472\" alt=\"ma\u0142y st\u00f3\u0142 do kawalerki\" srcset=\"https:\/\/mebllegro.pl\/content\/wp-content\/uploads\/2026\/04\/Gemini_Generated_Image_oy4kc0oy4kc0oy4k-768x429.png 768w, https:\/\/mebllegro.pl\/content\/wp-content\/uploads\/2026\/04\/Gemini_Generated_Image_oy4kc0oy4kc0oy4k-300x167.png 300w, https:\/\/mebllegro.pl\/content\/wp-content\/uploads\/2026\/04\/Gemini_Generated_Image_oy4kc0oy4kc0oy4k-1024x572.png 1024w, https:\/\/mebllegro.pl\/content\/wp-content\/uploads\/2026\/04\/Gemini_Generated_Image_oy4kc0oy4kc0oy4k.png 1376w\" sizes=\"(max-width: 768px) 100vw, 768px\" \/><\/div><\/a>\n\t\t\t\t<div class=\"elementor-post__badge\">mebllegro<\/div>\n\t\t\t\t<div class=\"elementor-post__text\">\n\t\t\t\t<h2 class=\"elementor-post__title\">\n\t\t\t<a href=\"https:\/\/mebllegro.pl\/content\/maly-stol-do-kawalerki-jak-wybrac\/\">\n\t\t\t\tMa\u0142y st\u00f3\u0142 do kawalerki \u2013 jak wybra\u0107\t\t\t<\/a>\n\t\t<\/h2>\n\t\t\t\t<div class=\"elementor-post__excerpt\">\n\t\t\t<p>Wyb\u00f3r odpowiedniego sto\u0142u w niewielkiej przestrzeni to jedno z wa\u017cniejszych wyzwa\u0144 aran\u017cacyjnych. Ma\u0142y st\u00f3\u0142 do<\/p>\n\t\t<\/div>\n\t\t\n\t\t<a class=\"elementor-post__read-more\" href=\"https:\/\/mebllegro.pl\/content\/maly-stol-do-kawalerki-jak-wybrac\/\" aria-label=\"Read more about Ma\u0142y st\u00f3\u0142 do kawalerki \u2013 jak wybra\u0107\" tabindex=\"-1\">\n\t\t\tCzytaj wi\u0119cej\t\t<\/a>\n\n\t\t\t\t<\/div>\n\t\t\t\t<div class=\"elementor-post__meta-data\">\n\t\t\t\t\t<span class=\"elementor-post-date\">\n\t\t\t7 kwietnia, 2026\t\t<\/span>\n\t\t\t\t<\/div>\n\t\t\t\t\t<\/div>\n\t\t<\/article>\n\t\t\t\t<article class=\"elementor-post elementor-grid-item post-462 post type-post status-publish format-standard has-post-thumbnail hentry category-mebllegro\" role=\"listitem\">\n\t\t\t<div class=\"elementor-post__card\">\n\t\t\t\t<a class=\"elementor-post__thumbnail__link\" href=\"https:\/\/mebllegro.pl\/content\/stol-do-malej-kuchni-z-krzeslami\/\" tabindex=\"-1\"><div class=\"elementor-post__thumbnail\"><img loading=\"lazy\" decoding=\"async\" width=\"768\" height=\"429\" src=\"https:\/\/mebllegro.pl\/content\/wp-content\/uploads\/2026\/04\/img_69cec6e5c52790.71458599-768x429.webp\" class=\"attachment-medium_large size-medium_large wp-image-463\" alt=\"st\u00f3\u0142 do ma\u0142ej kuchni z krzes\u0142ami\" srcset=\"https:\/\/mebllegro.pl\/content\/wp-content\/uploads\/2026\/04\/img_69cec6e5c52790.71458599-768x429.webp 768w, https:\/\/mebllegro.pl\/content\/wp-content\/uploads\/2026\/04\/img_69cec6e5c52790.71458599-300x167.webp 300w, https:\/\/mebllegro.pl\/content\/wp-content\/uploads\/2026\/04\/img_69cec6e5c52790.71458599-1024x572.webp 1024w, https:\/\/mebllegro.pl\/content\/wp-content\/uploads\/2026\/04\/img_69cec6e5c52790.71458599.webp 1376w\" sizes=\"(max-width: 768px) 100vw, 768px\" \/><\/div><\/a>\n\t\t\t\t<div class=\"elementor-post__badge\">mebllegro<\/div>\n\t\t\t\t<div class=\"elementor-post__text\">\n\t\t\t\t<h2 class=\"elementor-post__title\">\n\t\t\t<a href=\"https:\/\/mebllegro.pl\/content\/stol-do-malej-kuchni-z-krzeslami\/\">\n\t\t\t\tSt\u00f3\u0142 do ma\u0142ej kuchni z krzes\u0142ami \u2013 jak dobra\u0107 idealny zestaw\t\t\t<\/a>\n\t\t<\/h2>\n\t\t\t\t<div class=\"elementor-post__excerpt\">\n\t\t\t<p>Wyb\u00f3r odpowiedniego st\u00f3\u0142 do ma\u0142ej kuchni z krzes\u0142ami to jeden z najwa\u017cniejszych element\u00f3w aran\u017cacji niewielkiej<\/p>\n\t\t<\/div>\n\t\t\n\t\t<a class=\"elementor-post__read-more\" href=\"https:\/\/mebllegro.pl\/content\/stol-do-malej-kuchni-z-krzeslami\/\" aria-label=\"Read more about St\u00f3\u0142 do ma\u0142ej kuchni z krzes\u0142ami \u2013 jak dobra\u0107 idealny zestaw\" tabindex=\"-1\">\n\t\t\tCzytaj wi\u0119cej\t\t<\/a>\n\n\t\t\t\t<\/div>\n\t\t\t\t<div class=\"elementor-post__meta-data\">\n\t\t\t\t\t<span class=\"elementor-post-date\">\n\t\t\t2 kwietnia, 2026\t\t<\/span>\n\t\t\t\t<\/div>\n\t\t\t\t\t<\/div>\n\t\t<\/article>\n\t\t\t\t<article class=\"elementor-post elementor-grid-item post-131 post type-post status-publish format-standard has-post-thumbnail hentry category-mebllegro\" role=\"listitem\">\n\t\t\t<div class=\"elementor-post__card\">\n\t\t\t\t<a class=\"elementor-post__thumbnail__link\" href=\"https:\/\/mebllegro.pl\/content\/stol-z-krzeslami-do-kuchni-male-przestrzenie\/\" tabindex=\"-1\"><div class=\"elementor-post__thumbnail\"><img loading=\"lazy\" decoding=\"async\" width=\"768\" height=\"512\" src=\"https:\/\/mebllegro.pl\/content\/wp-content\/uploads\/2025\/10\/img_68f3f038d331e4.94890051-768x512.webp\" class=\"attachment-medium_large size-medium_large wp-image-132\" alt=\"st\u00f3\u0142 z krzes\u0142ami\" srcset=\"https:\/\/mebllegro.pl\/content\/wp-content\/uploads\/2025\/10\/img_68f3f038d331e4.94890051-768x512.webp 768w, https:\/\/mebllegro.pl\/content\/wp-content\/uploads\/2025\/10\/img_68f3f038d331e4.94890051-300x200.webp 300w, https:\/\/mebllegro.pl\/content\/wp-content\/uploads\/2025\/10\/img_68f3f038d331e4.94890051-1024x683.webp 1024w, https:\/\/mebllegro.pl\/content\/wp-content\/uploads\/2025\/10\/img_68f3f038d331e4.94890051.webp 1536w\" sizes=\"(max-width: 768px) 100vw, 768px\" \/><\/div><\/a>\n\t\t\t\t<div class=\"elementor-post__badge\">mebllegro<\/div>\n\t\t\t\t<div class=\"elementor-post__text\">\n\t\t\t\t<h2 class=\"elementor-post__title\">\n\t\t\t<a href=\"https:\/\/mebllegro.pl\/content\/stol-z-krzeslami-do-kuchni-male-przestrzenie\/\">\n\t\t\t\tSt\u00f3\u0142 z krzes\u0142ami do kuchni \u2013 najlepsze konfiguracje do ma\u0142ych przestrzeni\t\t\t<\/a>\n\t\t<\/h2>\n\t\t\t\t<div class=\"elementor-post__excerpt\">\n\t\t\t<p>Ma\u0142a kuchnia wcale nie musi oznacza\u0107 kompromisu mi\u0119dzy wygod\u0105 a estetyk\u0105. Dobrze dobrany st\u00f3\u0142 z<\/p>\n\t\t<\/div>\n\t\t\n\t\t<a class=\"elementor-post__read-more\" href=\"https:\/\/mebllegro.pl\/content\/stol-z-krzeslami-do-kuchni-male-przestrzenie\/\" aria-label=\"Read more about St\u00f3\u0142 z krzes\u0142ami do kuchni \u2013 najlepsze konfiguracje do ma\u0142ych przestrzeni\" tabindex=\"-1\">\n\t\t\tCzytaj wi\u0119cej\t\t<\/a>\n\n\t\t\t\t<\/div>\n\t\t\t\t<div class=\"elementor-post__meta-data\">\n\t\t\t\t\t<span class=\"elementor-post-date\">\n\t\t\t1 kwietnia, 2026\t\t<\/span>\n\t\t\t\t<\/div>\n\t\t\t\t\t<\/div>\n\t\t<\/article>\n\t\t\t\t<article class=\"elementor-post elementor-grid-item post-447 post type-post status-publish format-standard has-post-thumbnail hentry category-mebllegro\" role=\"listitem\">\n\t\t\t<div class=\"elementor-post__card\">\n\t\t\t\t<a class=\"elementor-post__thumbnail__link\" href=\"https:\/\/mebllegro.pl\/content\/maly-stolik-kawowy-jak-dobrac\/\" tabindex=\"-1\"><div class=\"elementor-post__thumbnail\"><img loading=\"lazy\" decoding=\"async\" width=\"768\" height=\"326\" src=\"https:\/\/mebllegro.pl\/content\/wp-content\/uploads\/2026\/03\/img_69a967592389e8.21295759-768x326.webp\" class=\"attachment-medium_large size-medium_large wp-image-448\" alt=\"ma\u0142y stolik kawowy\" srcset=\"https:\/\/mebllegro.pl\/content\/wp-content\/uploads\/2026\/03\/img_69a967592389e8.21295759-768x326.webp 768w, https:\/\/mebllegro.pl\/content\/wp-content\/uploads\/2026\/03\/img_69a967592389e8.21295759-300x127.webp 300w, https:\/\/mebllegro.pl\/content\/wp-content\/uploads\/2026\/03\/img_69a967592389e8.21295759-1024x434.webp 1024w, https:\/\/mebllegro.pl\/content\/wp-content\/uploads\/2026\/03\/img_69a967592389e8.21295759-1536x652.webp 1536w, https:\/\/mebllegro.pl\/content\/wp-content\/uploads\/2026\/03\/img_69a967592389e8.21295759.webp 1584w\" sizes=\"(max-width: 768px) 100vw, 768px\" \/><\/div><\/a>\n\t\t\t\t<div class=\"elementor-post__badge\">mebllegro<\/div>\n\t\t\t\t<div class=\"elementor-post__text\">\n\t\t\t\t<h2 class=\"elementor-post__title\">\n\t\t\t<a href=\"https:\/\/mebllegro.pl\/content\/maly-stolik-kawowy-jak-dobrac\/\">\n\t\t\t\tMa\u0142y stolik kawowy \u2013 jak dobra\u0107 idealny model?\t\t\t<\/a>\n\t\t<\/h2>\n\t\t\t\t<div class=\"elementor-post__excerpt\">\n\t\t\t<p>Dob\u00f3r odpowiedniego ma\u0142ego stolika kawowego mo\u017ce znacz\u0105co wp\u0142yn\u0105\u0107 na funkcjonalno\u015b\u0107 i estetyk\u0119 salonu. Stolik nie<\/p>\n\t\t<\/div>\n\t\t\n\t\t<a class=\"elementor-post__read-more\" href=\"https:\/\/mebllegro.pl\/content\/maly-stolik-kawowy-jak-dobrac\/\" aria-label=\"Read more about Ma\u0142y stolik kawowy \u2013 jak dobra\u0107 idealny model?\" tabindex=\"-1\">\n\t\t\tCzytaj wi\u0119cej\t\t<\/a>\n\n\t\t\t\t<\/div>\n\t\t\t\t<div class=\"elementor-post__meta-data\">\n\t\t\t\t\t<span class=\"elementor-post-date\">\n\t\t\t26 marca, 2026\t\t<\/span>\n\t\t\t\t<\/div>\n\t\t\t\t\t<\/div>\n\t\t<\/article>\n\t\t\t\t<article class=\"elementor-post elementor-grid-item post-444 post type-post status-publish format-standard has-post-thumbnail hentry category-mebllegro\" role=\"listitem\">\n\t\t\t<div class=\"elementor-post__card\">\n\t\t\t\t<a class=\"elementor-post__thumbnail__link\" href=\"https:\/\/mebllegro.pl\/content\/stol-z-metalowymi-nogami-rozkladany\/\" tabindex=\"-1\"><div class=\"elementor-post__thumbnail\"><img loading=\"lazy\" decoding=\"async\" width=\"768\" height=\"429\" src=\"https:\/\/mebllegro.pl\/content\/wp-content\/uploads\/2026\/03\/img_69a964a5e8c759.56275575-768x429.webp\" class=\"attachment-medium_large size-medium_large wp-image-445\" alt=\"st\u00f3\u0142 z metalowymi nogami\" srcset=\"https:\/\/mebllegro.pl\/content\/wp-content\/uploads\/2026\/03\/img_69a964a5e8c759.56275575-768x429.webp 768w, https:\/\/mebllegro.pl\/content\/wp-content\/uploads\/2026\/03\/img_69a964a5e8c759.56275575-300x167.webp 300w, https:\/\/mebllegro.pl\/content\/wp-content\/uploads\/2026\/03\/img_69a964a5e8c759.56275575-1024x572.webp 1024w, https:\/\/mebllegro.pl\/content\/wp-content\/uploads\/2026\/03\/img_69a964a5e8c759.56275575.webp 1376w\" sizes=\"(max-width: 768px) 100vw, 768px\" \/><\/div><\/a>\n\t\t\t\t<div class=\"elementor-post__badge\">mebllegro<\/div>\n\t\t\t\t<div class=\"elementor-post__text\">\n\t\t\t\t<h2 class=\"elementor-post__title\">\n\t\t\t<a href=\"https:\/\/mebllegro.pl\/content\/stol-z-metalowymi-nogami-rozkladany\/\">\n\t\t\t\tSt\u00f3\u0142 z metalowymi nogami \u2013 czy st\u00f3\u0142 rozk\u0142adany z metalowymi nogami to dobry wyb\u00f3r?\t\t\t<\/a>\n\t\t<\/h2>\n\t\t\t\t<div class=\"elementor-post__excerpt\">\n\t\t\t<p>St\u00f3\u0142 z metalowymi nogami sta\u0142 si\u0119 jednym z najcz\u0119\u015bciej wybieranych modeli sto\u0142\u00f3w do nowoczesnych wn\u0119trz.<\/p>\n\t\t<\/div>\n\t\t\n\t\t<a class=\"elementor-post__read-more\" href=\"https:\/\/mebllegro.pl\/content\/stol-z-metalowymi-nogami-rozkladany\/\" aria-label=\"Read more about St\u00f3\u0142 z metalowymi nogami \u2013 czy st\u00f3\u0142 rozk\u0142adany z metalowymi nogami to dobry wyb\u00f3r?\" tabindex=\"-1\">\n\t\t\tCzytaj wi\u0119cej\t\t<\/a>\n\n\t\t\t\t<\/div>\n\t\t\t\t<div class=\"elementor-post__meta-data\">\n\t\t\t\t\t<span class=\"elementor-post-date\">\n\t\t\t24 marca, 2026\t\t<\/span>\n\t\t\t\t<\/div>\n\t\t\t\t\t<\/div>\n\t\t<\/article>\n\t\t\t\t<article class=\"elementor-post elementor-grid-item post-292 post type-post status-publish format-standard has-post-thumbnail hentry category-mebllegro\" role=\"listitem\">\n\t\t\t<div class=\"elementor-post__card\">\n\t\t\t\t<a class=\"elementor-post__thumbnail__link\" href=\"https:\/\/mebllegro.pl\/content\/praktyczny-stol-do-malej-kuchni-jaki-wybrac\/\" tabindex=\"-1\"><div class=\"elementor-post__thumbnail\"><img loading=\"lazy\" decoding=\"async\" width=\"768\" height=\"429\" src=\"https:\/\/mebllegro.pl\/content\/wp-content\/uploads\/2026\/01\/img_695cf758ed10b8.86329344-768x429.webp\" class=\"attachment-medium_large size-medium_large wp-image-293\" alt=\"praktyczny st\u00f3\u0142 do ma\u0142ej kuchni\" srcset=\"https:\/\/mebllegro.pl\/content\/wp-content\/uploads\/2026\/01\/img_695cf758ed10b8.86329344-768x429.webp 768w, https:\/\/mebllegro.pl\/content\/wp-content\/uploads\/2026\/01\/img_695cf758ed10b8.86329344-300x167.webp 300w, https:\/\/mebllegro.pl\/content\/wp-content\/uploads\/2026\/01\/img_695cf758ed10b8.86329344-1024x572.webp 1024w, https:\/\/mebllegro.pl\/content\/wp-content\/uploads\/2026\/01\/img_695cf758ed10b8.86329344-1536x857.webp 1536w, https:\/\/mebllegro.pl\/content\/wp-content\/uploads\/2026\/01\/img_695cf758ed10b8.86329344-2048x1143.webp 2048w\" sizes=\"(max-width: 768px) 100vw, 768px\" \/><\/div><\/a>\n\t\t\t\t<div class=\"elementor-post__badge\">mebllegro<\/div>\n\t\t\t\t<div class=\"elementor-post__text\">\n\t\t\t\t<h2 class=\"elementor-post__title\">\n\t\t\t<a href=\"https:\/\/mebllegro.pl\/content\/praktyczny-stol-do-malej-kuchni-jaki-wybrac\/\">\n\t\t\t\tPraktyczny st\u00f3\u0142 do ma\u0142ej kuchni \u2013 rozk\u0142adany czy sk\u0142adany wyb\u00f3r\t\t\t<\/a>\n\t\t<\/h2>\n\t\t\t\t<div class=\"elementor-post__excerpt\">\n\t\t\t<p>Urz\u0105dzanie niewielkiej przestrzeni wymaga konkretnych decyzji. Praktyczny st\u00f3\u0142 do ma\u0142ej kuchni to jeden z najwa\u017cniejszych<\/p>\n\t\t<\/div>\n\t\t\n\t\t<a class=\"elementor-post__read-more\" href=\"https:\/\/mebllegro.pl\/content\/praktyczny-stol-do-malej-kuchni-jaki-wybrac\/\" aria-label=\"Read more about Praktyczny st\u00f3\u0142 do ma\u0142ej kuchni \u2013 rozk\u0142adany czy sk\u0142adany wyb\u00f3r\" tabindex=\"-1\">\n\t\t\tCzytaj wi\u0119cej\t\t<\/a>\n\n\t\t\t\t<\/div>\n\t\t\t\t<div class=\"elementor-post__meta-data\">\n\t\t\t\t\t<span class=\"elementor-post-date\">\n\t\t\t20 marca, 2026\t\t<\/span>\n\t\t\t\t<\/div>\n\t\t\t\t\t<\/div>\n\t\t<\/article>\n\t\t\t\t<\/div>\n\t\t\n\t\t\t\t<div class=\"e-load-more-anchor\" data-page=\"1\" data-max-page=\"7\" data-next-page=\"https:\/\/mebllegro.pl\/content\/wp-json\/wp\/v2\/pages\/76\/page\/2\/\"><\/div>\n\t\t\t\t<nav class=\"elementor-pagination\" aria-label=\"Pagination\">\n\t\t\t<span class=\"page-numbers prev\">\u2b60<\/span>\n<span aria-current=\"page\" class=\"page-numbers current\"><span class=\"elementor-screen-only\">Page<\/span>1<\/span>\n<a class=\"page-numbers\" href=\"https:\/\/mebllegro.pl\/content\/wp-json\/wp\/v2\/pages\/76\/page\/2\/\"><span class=\"elementor-screen-only\">Page<\/span>2<\/a>\n<a class=\"page-numbers\" href=\"https:\/\/mebllegro.pl\/content\/wp-json\/wp\/v2\/pages\/76\/page\/3\/\"><span class=\"elementor-screen-only\">Page<\/span>3<\/a>\n<a class=\"page-numbers\" href=\"https:\/\/mebllegro.pl\/content\/wp-json\/wp\/v2\/pages\/76\/page\/4\/\"><span class=\"elementor-screen-only\">Page<\/span>4<\/a>\n<a class=\"page-numbers\" href=\"https:\/\/mebllegro.pl\/content\/wp-json\/wp\/v2\/pages\/76\/page\/5\/\"><span class=\"elementor-screen-only\">Page<\/span>5<\/a>\n<a class=\"page-numbers next\" href=\"https:\/\/mebllegro.pl\/content\/wp-json\/wp\/v2\/pages\/76\/page\/2\/\">\u2b62<\/a>\t\t<\/nav>\n\t\t\t\t\t\t<\/div>\n\t\t\t\t<\/div>\n\t\t\t\t\t<\/div>\n\t\t\t\t<\/div>\n\t\t\t\t<\/div>\n\t\t","protected":false},"excerpt":{"rendered":"<p>Strona g\u0142\u00f3wna | Content Content<\/p>\n","protected":false},"author":1,"featured_media":0,"parent":0,"menu_order":0,"comment_status":"closed","ping_status":"closed","template":"","meta":{"footnotes":""},"class_list":["post-76","page","type-page","status-publish","hentry"],"_links":{"self":[{"href":"https:\/\/mebllegro.pl\/content\/wp-json\/wp\/v2\/pages\/76","targetHints":{"allow":["GET"]}}],"collection":[{"href":"https:\/\/mebllegro.pl\/content\/wp-json\/wp\/v2\/pages"}],"about":[{"href":"https:\/\/mebllegro.pl\/content\/wp-json\/wp\/v2\/types\/page"}],"author":[{"embeddable":true,"href":"https:\/\/mebllegro.pl\/content\/wp-json\/wp\/v2\/users\/1"}],"replies":[{"embeddable":true,"href":"https:\/\/mebllegro.pl\/content\/wp-json\/wp\/v2\/comments?post=76"}],"version-history":[{"count":10,"href":"https:\/\/mebllegro.pl\/content\/wp-json\/wp\/v2\/pages\/76\/revisions"}],"predecessor-version":[{"id":118,"href":"https:\/\/mebllegro.pl\/content\/wp-json\/wp\/v2\/pages\/76\/revisions\/118"}],"wp:attachment":[{"href":"https:\/\/mebllegro.pl\/content\/wp-json\/wp\/v2\/media?parent=76"}],"curies":[{"name":"wp","href":"https:\/\/api.w.org\/{rel}","templated":true}]}}